e z(-11). Suppose -5*d + 0 = -m. Let b = d + -4. What is a(b)?
8
Let r(a) = -a - 7. Let n = 43 - 47. Calculate r(n).
-3
Suppose -w = 2*w - 4*z + 13, 2*z + 39 = -5*w. Let y = w + 9. Let k(b) = 0*b**2 + 11*b - b**2 + 2*b**y - 4*b + 2. Give k(-5).
-8
Let m(y) = 7*y - 3. Let k be m(3). Let q be k/(-4) - (-2)/(-4). Let l(b) = b**2 + 8*b + 3. Let j(x) = x. Let p(n) = 3*j(n) - l(n). Calculate p(q).
-3
Suppose 3*x + 5 = -o + 14, 3*x - 9 = -5*o. Suppose -n = -t, x*t - 4*t - 4*n + 10 = 0. Let w(d) = d**2 - 6*d + 3. Determine w(t).
-5
Let i(l) = -l**2 + 1. Let c(x) = -x**3 - 5*x**2 + 4. Let a(o) = c(o) - 4*i(o). Let z be (-24)/(-156) - (-28)/(-13). Give a(z).
4
Let a(b) = 0 - 2*b - 4 + 3 - 6. Give a(-6).
5
Suppose -2*x + h + 26 = 0, -h = -3*x + 4*x - 10. Let k be x*(-2 + (-3)/(-2)). Let t(r) = -r + 25. Let v(w) = 8. Let s(a) = -2*t(a) + 7*v(a). Give s(k).
-6
Let u(g) = g**3 - 4*g**2 + g + 4. Suppose 0*x = -4*x. Suppose -3*l + 8 = -5*n + 30, 3*n + 4*l - 19 = x. Suppose -4 = -n*k + 11. Determine u(k).
-2
Let w(o) = -8*o**2 + 4*o - 9. Let d(g) = -2*g**2 + g - 2. Let u(p) = -9*d(p) + 2*w(p). Let r be -1 + 1 + 4/2. Give u(r).
6
Let v(f) = 7*f - 5. Let u(p) = -3*p + 3. Let z(i) = 5*u(i) + 2*v(i). Let c(y) = -y**2 - 13*y + 19. Let x be c(-14). Calculate z(x).
0
Suppose j = -0*j + 5. Let c = j + -3. Suppose -c*v - 1 = -3. Let d(y) = -y**3 + y**2 + y - 1. Give d(v).
0
Suppose x - 5 + 1 = 0. Let a(p) = p**3 - 3*p**2 - 3*p - 3. What is a(x)?
1
Let u(w) = w + 2. Let r be 0 + 2 + -4 + 2. Suppose -5*n = -r*n - 10. Let a be (-8)/(0 + n/(-1)). Determine u(a).
6
Let r(l) = l**2 - l - 5. Let n be r(0). Let t(k) be the first derivative of -k**3/3 - 3*k**2 + 2*k - 5. What is t(n)?
7
Let t(h) = h - 1. Let a(l) = -1 - 2 - 3*l + 4 + l**2. Let r be a(3). Let c = r + -3. Determine t(c).
-3
Let z(q) = -q + 4. Let x = 7 + -4. Suppose x + 2 = g. What is z(g)?
-1
Let s(h) = h**2 - 3*h + 1. Let w be s(4). Let k be w + -3 + 10/(-2). Let l(r) = 2*r - 4. Let z(u) = -2*u + 3. Let q(t) = -3*l(t) - 4*z(t). Calculate q(k).
-6
Let v(o) = o**2 - 8*o + 5. Suppose -2*u = 4*x, -2*u + 8*x + 15 = 7*x. Calculate v(u).
-7
Let j = 44 - 41. Let t(f) = -f**2 + 4*f + 3. Calculate t(j).
6
Let w(l) be the first derivative of 2*l**2 + 4 - 2*l**3 - l + 1/4*l**4. Calculate w(5).
-6
Let o(m) be the first derivative of -1/3*m**3 - 2*m - 2 + m**2. Give o(2).
-2
Let r(p) be the first derivative of p**2/2 - 5*p + 4. Determine r(10).
5
Suppose 0 = -5*m + h + 5, -m + 6*m = -2*h + 20. Let g(a) = 3*a**2 + 3*a + 3 + 0*a - 2*a**m - 2*a**2. What is g(-2)?
-7
Let g(i) = i - 14. Let x be (6/(-4))/((-4)/16). What is g(x)?
-8
Suppose -3*i + 11 = 20. Let l(y) = -2*y**2 - 3*y - 3. Calculate l(i).
-12
Suppose 3*c = 24 + 9. Let g = c - 8. Let n(f) = -f**2 + f + 2. Give n(g).
-4
Let n(x) = -x**3 - 4*x**2 - x + 1. Suppose -2*z = -3*l + 3, 18 + 2 = -5*z - 5*l. Give n(z).
-5
Let o(b) be the first derivative of -b**4/12 + b**3/6 - b - 1. Let q(j) be the first derivative of o(j). What is q(0)?
0
Let a(c) = -c. Let g be a(-4). Let w = -8 + g. Let i(h) = 3*h**2 + 5*h**3 - 1 - 2*h**3 - 6*h - 2*h**3. Calculate i(w).
7
Let j = 8 + -6. Suppose 3*o - j*o - 4 = 0. Let t(v) = -v + 1. Let p(h) = -h**3 + 3*h**2 + 2*h + 6. Let x(y) = p(y) - t(y). Give x(o).
1
Let p(b) = -b**2 - 6*b - 2. Suppose 0*l + 5*o - 14 = -3*l, -5*o = 10. Suppose g - 4 - l = 0. Suppose r + v = -r - 11, 3*v = r - g. Give p(r).
7
Suppose 0 = -3*a + 1 + 11. Suppose 0 = p - 3*p + a. Suppose -p = 4*c - 6. Let j(v) = 5*v**2 + v - 1. What is j(c)?
5
Let r(d) = 6 + 5*d - d - 2*d - d. Give r(-6).
0
Let v(r) be the third derivative of 1/3*r**3 + 2*r**2 - 1/12*r**4 + 0 + 0*r. What is v(-2)?
6
Let c(d) be the first derivative of d**5/20 - 7*d**4/12 + 4*d**3/3 - 4*d**2 + 4*d - 4. Let y(g) be the first derivative of c(g). What is y(6)?
4
Suppose 6*h - 42 = -6. Let t(s) = 9*s**2 - 21*s + 19. Let n(p) = 4*p**2 - 10*p + 9. Let m(l) = 7*n(l) - 3*t(l). What is m(h)?
0
Let g(s) = 2*s + 6 - 5 + 8*s. Calculate g(1).
11
Let d(f) = f - 2. Let g be d(3). Let h(z) = 9*z**3 - z**2 + 1. Determine h(g).
9
Let j(r) = 2*r + 7. Let o(s) = 5*s + 15. Let g(t) = -7*j(t) + 3*o(t). What is g(6)?
2
Let f(z) = -z**2 - z. Let g(l) = 6*l + 11*l**2 - 5*l**2 + l**3 + 5 + 0. Let h be (-5)/1 - 0/3. Let w be g(h). What is f(w)?
0
Let o(j) = 2*j**2 + 5*j**2 + j**3 - 5*j + 10 - 2*j. What is o(-8)?
2
Let w(y) = -y**3 - 7*y**2 + 7*y - 8. Let z = 60 - 68. Calculate w(z).
0
Let s(b) = b - 1. Let v(n) = 4*n - 2. Let f(u) = 5*s(u) - v(u). Calculate f(5).
2
Let m(p) = -4*p - 9. Let w(s) = -s - 1. Let t(n) = m(n) - 3*w(n). Let d(i) = -i**3 + 4*i**2 + i - 15. Let q be d(3). Give t(q).
-3
Let z(o) = -3*o**2 + 4*o + 4*o**2 + 5 + 0*o**2. Give z(-3).
2
Let y(i) = -4*i**2 + 3*i + 3. Let u be 2/4*(0 + (2 - -4)). What is y(u)?
-24
Let t(y) be the second derivative of -y**3/3 - 9*y**2/2 - y. Let r(j) = -j - 4. Let h be 40/7 - (-2)/7. Let c(u) = h*t(u) - 15*r(u). What is c(-4)?
-6
Let q(v) = 2*v - 1. Let m = -39 + 37. Determine q(m).
-5
Let n(c) be the first derivative of -c**6/360 + c**5/24 + c**3 - 4. Let i(y) be the third derivative of n(y). Calculate i(5).
0
Let g(b) be the first derivative of 11*b**2/2 + 29*b - 2. Let k(u) = 4*u + 10. Let s(t) = -3*g(t) + 8*k(t). Suppose -3*a = -5*a. Give s(a).
-7
Let c(f) = f**2 - 3*f - 4. Let o(n) = -n**2 + 3*n + 5. Let u(g) = -5*c(g) - 4*o(g). Let i = 10 - 6. Determine u(i).
-4
Let t(m) be the first derivative of m**3/3 - 2*m**2 - 4*m + 2. Suppose 0*h - h = -5. What is t(h)?
1
Let h = 21 - 15. Let g(b) = -h*b - 3 + 3*b**2 - 2*b**2 + 1. Give g(5).
-7
Suppose 0*k + 12 = 4*h - 4*k, 2*h = 4*k + 6. Let f(u) = -4 + h*u - 5*u - 3 + 0. Give f(-5).
3
Suppose -i = i - 6. Let k(o) = -o**3 + 2*o**2 + o + 2. What is k(i)?
-4
Suppose 19 - 1 = -3*t. Let y(u) = 35 - 3*u**2 + 2*u**2 + 2*u**2 + 4*u - 36. Give y(t).
11
Let u(i) = -i**3 + i**2 + 3*i + 1. Let y be u(-3). Let v be ((-6)/4)/((-21)/y). Let q(l) = -l**2 + 4*l - 3. Determine q(v).
1
Let p(q) be the second derivative of -q**3/6 - 2*q**2 - 259*q. Let l = 5 + -11. What is p(l)?
2
Let z(g) = -g**3 + 5*g**2 - 4*g + 4. Suppose -65 = -4*l + 143. Suppose l = f + f. Let t be f/7 - 4/(-14). Determine z(t).
4
Let r(x) = -x**3 + x - 2*x**2 + 6*x - 3*x - 3. Let o(v) = v**3 + v**2 - 3*v + 4. Let m(j) = 3*o(j) + 2*r(j). Suppose p = -7*p. Give m(p).
6
Let x(j) be the first derivative of 7/2*j**2 + 3 + 0*j. Give x(-1).
-7
Let x(l) = -l + 230*l**3 + 227*l**3 - 455*l**3 + 2*l**2. Give x(1).
3
Let k = 10 + -16. Let g(f) = f**3 + 6*f**2 + 2. Give g(k).
2
Let v(r) be the second derivative of r**4/12 + r**3/3 - 3*r**2/2 - r. Suppose 2*b - p = -16, -b - 5*p + 7 = -7. Let h be (8 - 11)/(b/(-8)). Determine v(h).
5
Let v(c) be the second derivative of c**3/6 + 3*c**2 - 3*c. Let s(g) = g - 4. Let x be s(0). Determine v(x).
2
Let w(j) = j**3 - 5*j**2 + 6*j - 3. Let r be w(4). Let i(v) be the first derivative of -v**2 + 4*v - 8. Calculate i(r).
-6
Let k(m) be the third derivative of -13*m**4/24 + m**2. What is k(1)?
-13
Let l(v) = -v**3 - 4*v**2. Let m be l(-4). Let s(u) = u**3 - u - 2. Give s(m).
-2
Let g = 14 - 9. Let d(f) be the first derivative of f**2 + f - 2. Determine d(g).
11
Let y(z) = -27*z - 1 - 5 + 5 + 23*z. Suppose 9*b - 4*b = -3*o - 11, b - 2*o - 3 = 0. Give y(b).
3
Let t be (1 - (-4)/(-6))*-3. Let m be -2*6*t/(-4). Let h(j) = -j**2 + 5*j + 8. Let s(u) = u**2 - 4*u - 7. Let f(z) = 5*h(z) + 6*s(z). What is f(m)?
4
Suppose 3*b - 3 = 3*h - 0, 4*h + 25 = -3*b. Let d = 7 + -4. Let n(o) = 4*o**2 + o**d + 0*o**3 + 3 - 4. Calculate n(b).
8
Let f(c) = 1 - c + c + 2*c. Let i be f(1). Suppose 0 = i*o + 9. Let p(r) = -r**2 - 2*r + 2. What is p(o)?
-1
Let f(n) be the second derivative of n**5/10 - n**4/6 + n**3/3 - n**2/2 + n. Let t = -13 + 15. Suppose 6*j - 4*j = t. Give f(j).
1
Let q(p) = p**2 - 3*p - 4. Let r(i) = -i**2 + 7*i + 3*i + 3*i - 3*i - 12. Let t be r(8). Determine q(t).
0
Let r be (4/10)/(1/5). Let m(w) = 0*w + 3*w + 0*w + 3 - 2*w**r. What is m(3)?
-6
Let f(d) = -2*d**2 - 5*d - 4. Suppose 37 = 4*c + 1. Let y be (-2*c/6)/1. What is f(y)?
-7
Suppose 3 = -x, -20 = b + 4*b + 5*x. Let f(d) = 5*d**3 - d. Determine f(b).
-4
Let t(r) = -2*r**3 - 3*r**2. Let d be 18/4 + 4/(-8). Suppose 0 = 3*b - d*a - 2, -4*b - 4*a = -6 + 22. Determine t(b).
4
Let r(n) be the first derivativ